[INFO] fetching crate rand-facade 0.2.0...
[INFO] checking rand-facade-0.2.0 against master#cfbc6d4cf1acbac5c025acf8ed68929caa551df3 for pr-75494-beta
[INFO] extracting crate rand-facade 0.2.0 into /workspace/builds/worker-3/source
[INFO] validating manifest of crates.io crate rand-facade 0.2.0 on toolchain cfbc6d4cf1acbac5c025acf8ed68929caa551df3
[INFO] running `Command { std: "/workspace/cargo-home/bin/cargo" "+cfbc6d4cf1acbac5c025acf8ed68929caa551df3" "read-manifest" "--manifest-path" "Cargo.toml", kill_on_drop: false }`
[INFO] started tweaking crates.io crate rand-facade 0.2.0
[INFO] finished tweaking crates.io crate rand-facade 0.2.0
[INFO] tweaked toml for crates.io crate rand-facade 0.2.0 written to /workspace/builds/worker-3/source/Cargo.toml
[INFO] running `Command { std: "/workspace/cargo-home/bin/cargo" "+cfbc6d4cf1acbac5c025acf8ed68929caa551df3" "generate-lockfile" "--manifest-path" "Cargo.toml" "-Zno-index-update", kill_on_drop: false }`
[INFO] running `Command { std: "/workspace/cargo-home/bin/cargo" "+cfbc6d4cf1acbac5c025acf8ed68929caa551df3" "fetch" "--locked" "--manifest-path" "Cargo.toml", kill_on_drop: false }`
[INFO] running `Command { std: "docker" "create" "-v" "/var/lib/crater-agent-workspace/builds/worker-3/target:/opt/rustwide/target:rw,Z" "-v" "/var/lib/crater-agent-workspace/builds/worker-3/source:/opt/rustwide/workdir:ro,Z" "-v" "/var/lib/crater-agent-workspace/cargo-home:/opt/rustwide/cargo-home:ro,Z" "-v" "/var/lib/crater-agent-workspace/rustup-home:/opt/rustwide/rustup-home:ro,Z" "-e" "SOURCE_DIR=/opt/rustwide/workdir" "-e" "CARGO_TARGET_DIR=/opt/rustwide/target" "-e" "CARGO_HOME=/opt/rustwide/cargo-home" "-e" "RUSTUP_HOME=/opt/rustwide/rustup-home" "-w" "/opt/rustwide/workdir" "-m" "1610612736" "--user" "0:0" "--network" "none" "rustops/crates-build-env@sha256:a636fd89d022f18117e1dc8fb37a0a009933cdbbe082814857f0e2024962d47c" "/opt/rustwide/cargo-home/bin/cargo" "+cfbc6d4cf1acbac5c025acf8ed68929caa551df3" "metadata" "--no-deps" "--format-version=1", kill_on_drop: false }`
[INFO] [stdout] 4c4dbc0163bc09a3d1277de4a51d7546f277741da733f5add523039e895f251b
[INFO] [stderr] WARNING: Your kernel does not support swap limit capabilities or the cgroup is not mounted. Memory limited without swap.
[INFO] running `Command { std: "docker" "start" "-a" "4c4dbc0163bc09a3d1277de4a51d7546f277741da733f5add523039e895f251b", kill_on_drop: false }`
[INFO] running `Command { std: "docker" "inspect" "4c4dbc0163bc09a3d1277de4a51d7546f277741da733f5add523039e895f251b", kill_on_drop: false }`
[INFO] running `Command { std: "docker" "rm" "-f" "4c4dbc0163bc09a3d1277de4a51d7546f277741da733f5add523039e895f251b", kill_on_drop: false }`
[INFO] [stdout] 4c4dbc0163bc09a3d1277de4a51d7546f277741da733f5add523039e895f251b
[INFO] running `Command { std: "docker" "create" "-v" "/var/lib/crater-agent-workspace/builds/worker-3/target:/opt/rustwide/target:rw,Z" "-v" "/var/lib/crater-agent-workspace/builds/worker-3/source:/opt/rustwide/workdir:ro,Z" "-v" "/var/lib/crater-agent-workspace/cargo-home:/opt/rustwide/cargo-home:ro,Z" "-v" "/var/lib/crater-agent-workspace/rustup-home:/opt/rustwide/rustup-home:ro,Z" "-e" "SOURCE_DIR=/opt/rustwide/workdir" "-e" "CARGO_TARGET_DIR=/opt/rustwide/target" "-e" "CARGO_INCREMENTAL=0" "-e" "RUST_BACKTRACE=full" "-e" "RUSTFLAGS=--cap-lints=forbid" "-e" "CARGO_HOME=/opt/rustwide/cargo-home" "-e" "RUSTUP_HOME=/opt/rustwide/rustup-home" "-w" "/opt/rustwide/workdir" "-m" "1610612736" "--user" "0:0" "--network" "none" "rustops/crates-build-env@sha256:a636fd89d022f18117e1dc8fb37a0a009933cdbbe082814857f0e2024962d47c" "/opt/rustwide/cargo-home/bin/cargo" "+cfbc6d4cf1acbac5c025acf8ed68929caa551df3" "check" "--frozen" "--all" "--all-targets" "--message-format=json", kill_on_drop: false }`
[INFO] [stdout] 5cc3acb3b092569b99c427e883dd5e24664ad5e30b39ab6dc5c3dcb4d4e40099
[INFO] [stderr] WARNING: Your kernel does not support swap limit capabilities or the cgroup is not mounted. Memory limited without swap.
[INFO] running `Command { std: "docker" "start" "-a" "5cc3acb3b092569b99c427e883dd5e24664ad5e30b39ab6dc5c3dcb4d4e40099", kill_on_drop: false }`
[INFO] [stderr]     Blocking waiting for file lock on package cache
[INFO] [stderr]     Checking lazy_static v1.4.0
[INFO] [stderr]     Checking rand_chacha v0.2.2
[INFO] [stderr]     Checking rand-facade v0.2.0 (/opt/rustwide/workdir)
[INFO] [stdout] error: One of 'os_rng', 'std', 'cortex_m' features must be enabled
[INFO] [stdout]   --> src/lib.rs:51:1
[INFO] [stdout]    |
[INFO] [stdout] 51 | compile_error!("One of 'os_rng', 'std', 'cortex_m' features must be enabled");
[INFO] [stdout]    | ^^^^^^^^^^^^^^^^^^^^^^^^^^^^^^^^^^^^^^^^^^^^^^^^^^^^^^^^^^^^^^^^^^^^^^^^^^^^^^
[INFO] [stdout] 
[INFO] [stdout] 
[INFO] [stdout] error[E0433]: failed to resolve: use of undeclared type or module `Mutex`
[INFO] [stdout]   --> src/lib.rs:56:91
[INFO] [stdout]    |
[INFO] [stdout] 56 |     static ref GLOBAL_RNG: Mutex<RefCell<Option<&'static mut (dyn Rng + Sync + Send)>>> = Mutex::new(RefCell::new(None));
[INFO] [stdout]    |                                                                                           ^^^^^ use of undeclared type or module `Mutex`
[INFO] [stdout] 
[INFO] [stdout] 
[INFO] [stdout] error[E0412]: cannot find type `Mutex` in this scope
[INFO] [stdout]   --> src/lib.rs:56:28
[INFO] [stdout]    |
[INFO] [stdout] 56 |     static ref GLOBAL_RNG: Mutex<RefCell<Option<&'static mut (dyn Rng + Sync + Send)>>> = Mutex::new(RefCell::new(None));
[INFO] [stdout]    |                            ^^^^^ not found in this scope
[INFO] [stdout] 
[INFO] [stdout] 
[INFO] [stdout] warning: unused import: `Error`
[INFO] [stdout]   --> src/lib.rs:27:37
[INFO] [stdout]    |
[INFO] [stdout] 27 | use rand_core::{RngCore, CryptoRng, Error};
[INFO] [stdout]    |                                     ^^^^^
[INFO] [stdout]    |
[INFO] [stdout]    = note: `#[warn(unused_imports)]` on by default
[INFO] [stdout] 
[INFO] [stdout] 
[INFO] [stdout] error: aborting due to 3 previous errors; 1 warning emitted
[INFO] [stdout] 
[INFO] [stdout] 
[INFO] [stdout] Some errors have detailed explanations: E0412, E0433.
[INFO] [stdout] 
[INFO] [stdout] For more information about an error, try `rustc --explain E0412`.
[INFO] [stdout] 
[INFO] [stderr] error: could not compile `rand-facade`.
[INFO] [stderr] 
[INFO] [stderr] To learn more, run the command again with --verbose.
[INFO] [stderr] warning: build failed, waiting for other jobs to finish...
[INFO] [stdout] error: One of 'os_rng', 'std', 'cortex_m' features must be enabled
[INFO] [stdout]   --> src/lib.rs:51:1
[INFO] [stdout]    |
[INFO] [stdout] 51 | compile_error!("One of 'os_rng', 'std', 'cortex_m' features must be enabled");
[INFO] [stdout]    | ^^^^^^^^^^^^^^^^^^^^^^^^^^^^^^^^^^^^^^^^^^^^^^^^^^^^^^^^^^^^^^^^^^^^^^^^^^^^^^
[INFO] [stdout] 
[INFO] [stdout] 
[INFO] [stdout] error[E0433]: failed to resolve: use of undeclared type or module `Mutex`
[INFO] [stdout]   --> src/lib.rs:56:91
[INFO] [stdout]    |
[INFO] [stdout] 56 |     static ref GLOBAL_RNG: Mutex<RefCell<Option<&'static mut (dyn Rng + Sync + Send)>>> = Mutex::new(RefCell::new(None));
[INFO] [stdout]    |                                                                                           ^^^^^ use of undeclared type or module `Mutex`
[INFO] [stdout] 
[INFO] [stdout] 
[INFO] [stdout] error[E0412]: cannot find type `Mutex` in this scope
[INFO] [stdout]   --> src/lib.rs:56:28
[INFO] [stdout]    |
[INFO] [stdout] 56 |     static ref GLOBAL_RNG: Mutex<RefCell<Option<&'static mut (dyn Rng + Sync + Send)>>> = Mutex::new(RefCell::new(None));
[INFO] [stdout]    |                            ^^^^^ not found in this scope
[INFO] [stdout] 
[INFO] [stdout] 
[INFO] [stdout] warning: unused import: `Error`
[INFO] [stdout]   --> src/lib.rs:27:37
[INFO] [stdout]    |
[INFO] [stdout] 27 | use rand_core::{RngCore, CryptoRng, Error};
[INFO] [stdout]    |                                     ^^^^^
[INFO] [stdout]    |
[INFO] [stdout]    = note: `#[warn(unused_imports)]` on by default
[INFO] [stdout] 
[INFO] [stdout] 
[INFO] [stdout] error: aborting due to 3 previous errors; 1 warning emitted
[INFO] [stdout] 
[INFO] [stdout] 
[INFO] [stdout] Some errors have detailed explanations: E0412, E0433.
[INFO] [stdout] 
[INFO] [stdout] For more information about an error, try `rustc --explain E0412`.
[INFO] [stdout] 
[INFO] [stderr] error: build failed
[INFO] running `Command { std: "docker" "inspect" "5cc3acb3b092569b99c427e883dd5e24664ad5e30b39ab6dc5c3dcb4d4e40099", kill_on_drop: false }`
[INFO] running `Command { std: "docker" "rm" "-f" "5cc3acb3b092569b99c427e883dd5e24664ad5e30b39ab6dc5c3dcb4d4e40099", kill_on_drop: false }`
[INFO] [stdout] 5cc3acb3b092569b99c427e883dd5e24664ad5e30b39ab6dc5c3dcb4d4e40099
